{"id":12,"date":"2023-12-05T02:11:52","date_gmt":"2023-12-05T02:11:52","guid":{"rendered":"https:\/\/kentatheme.com\/travel-journal\/?page_id=12"},"modified":"2025-08-19T19:13:34","modified_gmt":"2025-08-19T17:13:34","slug":"home","status":"publish","type":"page","link":"https:\/\/www.rr276.de\/","title":{"rendered":"Home"},"content":{"rendered":"\n<div class=\"wp-block-cover alignfull is-light has-parallax has-link-color wp-elements-511062fd231d6acf7952f641ddb53a47\" style=\"min-height:334px;aspect-ratio:unset;\"><div class=\"wp-block-cover__image-background wp-image-76 has-parallax\" style=\"background-position:50% 50%;background-image:url(http:\/\/wordpress-wp-rr276.deltatree.dtcloud.de\/wp-content\/uploads\/2023\/12\/image.jpg)\"><\/div><span aria-hidden=\"true\" class=\"wp-block-cover__background has-black-background-color has-background-dim\"><\/span><div class=\"wp-block-cover__inner-container has-global-padding is-layout-constrained wp-block-cover-is-layout-constrained\">\n<p class=\"has-text-align-center has-base-2-color has-text-color has-link-color has-large-font-size wp-elements-075581ea3a1155086031e622c93317e4\"><br>Willkommen bei den Royal Rangers Weingarten<\/p>\n\n\n\n<p class=\"has-base-2-color has-text-color has-link-color wp-elements-3dd1481d6dc7f9d8bd9690a43e5cbd7a\">Der Geruch von Feuer, frischer Wind in den Haaren, wundersch\u00f6ne Natur und ein starkes Team im R\u00fccken\u2026Wenn das nicht nach Freiheit klingt, dann klingt es definitiv nach\u2026Pfadfindern!<\/p>\n\n\n\n<p class=\"has-base-2-color has-text-color has-link-color wp-elements-501ef1e8184674444729971672cc37b7\">Wir treffen uns jeden Freitag und wollen gemeinsam die Natur entdecken, neue Techniken lernen wie Knoten, Zeltbau, Feuer machen uvm., gemeinsam als Stamm und im Team wachsen und Gott in alldem begegnen und ihm n\u00e4her kommen!<\/p>\n\n\n\n<p class=\"has-text-align-center has-base-2-color has-text-color has-link-color wp-elements-b173e7046c521a9cce4a285472ff46ad\"><strong>Kurz gesagt: Wir wollen Abenteuer erleben!<\/strong><\/p>\n\n\n\n<p class=\"has-base-2-color has-text-color has-link-color wp-elements-845da78c7b2b62dc01c41fedc208a482\">Royal Rangers sind christliche Pfadfinder. Damit haben wir die besten Voraussetzungen f\u00fcr ein ereignisreiches, nat\u00fcrliches, gesundes und spannendes Pfadfindererleben. Als Freunde sind wir gemeinsam auf dem guten Pfad unterwegs.<\/p>\n\n\n\n<p class=\"has-base-2-color has-text-color has-link-color wp-elements-0be3184ffecc68920aa21b28193ff910\">Die Bibel gibt uns hilfreiche Ma\u00dfst\u00e4be zum t\u00e4glichen Leben. Unser Motto hei\u00dft: \u201cAlles was ihr f\u00fcr euch von den Menschen erwartet, das tut ihnen auch\u201d. Es wird auch dich begeistern, ein Royal Rangers zu sein. Du wirst erleben, dass es wirklich Freude macht, wenn sich einer f\u00fcr den anderen einsetzt, im Team, Stamm und in deiner Umgebung.<\/p>\n<\/div><\/div>\n\n\n\n<div class=\"wp-block-columns is-layout-flex wp-container-core-columns-is-layout-a54e0cfc wp-block-columns-is-layout-flex\" style=\"padding-top:var(--wp--preset--spacing--60);padding-bottom:var(--wp--preset--spacing--60)\">\n<div class=\"wp-block-column is-layout-flow wp-block-column-is-layout-flow\">\n<figure class=\"wp-block-image size-full is-resized is-style-default\"><img loading=\"lazy\" decoding=\"async\" width=\"512\" height=\"512\" src=\"https:\/\/www.rr276.de\/wp-content\/uploads\/2024\/11\/cropped-rr276-logo-new.png\" alt=\"\" class=\"wp-image-120\" style=\"width:111px;height:auto\" srcset=\"https:\/\/www.rr276.de\/wp-content\/uploads\/2024\/11\/cropped-rr276-logo-new.png 512w, https:\/\/www.rr276.de\/wp-content\/uploads\/2024\/11\/cropped-rr276-logo-new-300x300.png 300w, https:\/\/www.rr276.de\/wp-content\/uploads\/2024\/11\/cropped-rr276-logo-new-150x150.png 150w, https:\/\/www.rr276.de\/wp-content\/uploads\/2024\/11\/cropped-rr276-logo-new-270x270.png 270w, https:\/\/www.rr276.de\/wp-content\/uploads\/2024\/11\/cropped-rr276-logo-new-192x192.png 192w, https:\/\/www.rr276.de\/wp-content\/uploads\/2024\/11\/cropped-rr276-logo-new-180x180.png 180w, https:\/\/www.rr276.de\/wp-content\/uploads\/2024\/11\/cropped-rr276-logo-new-32x32.png 32w\" sizes=\"auto, (max-width: 512px) 100vw, 512px\" \/><\/figure>\n\n\n\n<p class=\"has-medium-font-size\" style=\"margin-top:var(--wp--preset--spacing--20);margin-bottom:var(--wp--preset--spacing--20);font-style:normal;font-weight:800\">Stammtreffen<\/p>\n\n\n\n<p>Es findet zurzeit leider keine Stammtreffs statt.<\/p>\n\n\n\n<p>J\u00f6hlingerstr. 116 in Weingarten<\/p>\n<\/div>\n\n\n\n<div class=\"wp-block-column is-layout-flow wp-block-column-is-layout-flow\">\n<figure class=\"wp-block-image size-full is-resized is-style-default\"><img loading=\"lazy\" decoding=\"async\" width=\"512\" height=\"512\" src=\"https:\/\/www.rr276.de\/wp-content\/uploads\/2024\/11\/contact_envelope_mail_email_icon.png\" alt=\"\" class=\"wp-image-122\" style=\"width:98px\" srcset=\"https:\/\/www.rr276.de\/wp-content\/uploads\/2024\/11\/contact_envelope_mail_email_icon.png 512w, https:\/\/www.rr276.de\/wp-content\/uploads\/2024\/11\/contact_envelope_mail_email_icon-300x300.png 300w, https:\/\/www.rr276.de\/wp-content\/uploads\/2024\/11\/contact_envelope_mail_email_icon-150x150.png 150w\" sizes=\"auto, (max-width: 512px) 100vw, 512px\" \/><\/figure>\n\n\n\n<p class=\"has-medium-font-size\" style=\"margin-top:var(--wp--preset--spacing--20);margin-bottom:var(--wp--preset--spacing--20);font-style:normal;font-weight:800\">Kontakt<\/p>\n\n\n\n<p style=\"margin-top:var(--wp--preset--spacing--20);margin-bottom:var(--wp--preset--spacing--20)\">Bitte meldet euch an bei\u00a0 kontakt@rr276.de wenn du fragen hast.<\/p>\n<\/div>\n\n\n\n<div class=\"wp-block-column is-layout-flow wp-block-column-is-layout-flow\">\n<figure class=\"wp-block-image size-full is-resized is-style-default\"><img loading=\"lazy\" decoding=\"async\" width=\"455\" height=\"512\" src=\"https:\/\/www.rr276.de\/wp-content\/uploads\/2024\/11\/seo-social-web-icon.png\" alt=\"\" class=\"wp-image-121\" style=\"width:98px\" srcset=\"https:\/\/www.rr276.de\/wp-content\/uploads\/2024\/11\/seo-social-web-icon.png 455w, https:\/\/www.rr276.de\/wp-content\/uploads\/2024\/11\/seo-social-web-icon-267x300.png 267w\" sizes=\"auto, (max-width: 455px) 100vw, 455px\" \/><\/figure>\n\n\n\n<p class=\"has-medium-font-size\" style=\"margin-top:var(--wp--preset--spacing--20);margin-bottom:var(--wp--preset--spacing--20);font-style:normal;font-weight:800\">Neue Webseite<\/p>\n\n\n\n<p style=\"margin-top:var(--wp--preset--spacing--20);margin-bottom:var(--wp--preset--spacing--20)\">Wilkommen auf unsere neue Webseite<\/p>\n<\/div>\n<\/div>\n\n\n\n<figure class=\"wp-block-image aligncenter size-full is-resized\"><img loading=\"lazy\" decoding=\"async\" width=\"13394\" height=\"2613\" src=\"https:\/\/www.rr276.de\/wp-content\/uploads\/2024\/11\/WLDA.png\" alt=\"\" class=\"wp-image-124\" style=\"width:604px;height:auto\" srcset=\"https:\/\/www.rr276.de\/wp-content\/uploads\/2024\/11\/WLDA.png 13394w, https:\/\/www.rr276.de\/wp-content\/uploads\/2024\/11\/WLDA-300x59.png 300w, https:\/\/www.rr276.de\/wp-content\/uploads\/2024\/11\/WLDA-1024x200.png 1024w, https:\/\/www.rr276.de\/wp-content\/uploads\/2024\/11\/WLDA-768x150.png 768w, https:\/\/www.rr276.de\/wp-content\/uploads\/2024\/11\/WLDA-1536x300.png 1536w, https:\/\/www.rr276.de\/wp-content\/uploads\/2024\/11\/WLDA-2048x400.png 2048w\" sizes=\"auto, (max-width: 13394px) 100vw, 13394px\" \/><\/figure>\n","protected":false},"excerpt":{"rendered":"<p>Stammtreffen Es findet zurzeit leider keine Stammtreffs statt. J\u00f6hlingerstr. 116 in Weingarten Kontakt Bitte meldet euch an bei\u00a0 kontakt@rr276.de wenn du fragen hast. Neue Webseite Wilkommen auf unsere neue Webseite<\/p>\n","protected":false},"author":1,"featured_media":139,"parent":0,"menu_order":0,"comment_status":"closed","ping_status":"closed","template":"","meta":{"footnotes":""},"class_list":["post-12","page","type-page","status-publish","has-post-thumbnail","hentry"],"_links":{"self":[{"href":"https:\/\/www.rr276.de\/index.php?rest_route=\/wp\/v2\/pages\/12","targetHints":{"allow":["GET"]}}],"collection":[{"href":"https:\/\/www.rr276.de\/index.php?rest_route=\/wp\/v2\/pages"}],"about":[{"href":"https:\/\/www.rr276.de\/index.php?rest_route=\/wp\/v2\/types\/page"}],"author":[{"embeddable":true,"href":"https:\/\/www.rr276.de\/index.php?rest_route=\/wp\/v2\/users\/1"}],"replies":[{"embeddable":true,"href":"https:\/\/www.rr276.de\/index.php?rest_route=%2Fwp%2Fv2%2Fcomments&post=12"}],"version-history":[{"count":20,"href":"https:\/\/www.rr276.de\/index.php?rest_route=\/wp\/v2\/pages\/12\/revisions"}],"predecessor-version":[{"id":349,"href":"https:\/\/www.rr276.de\/index.php?rest_route=\/wp\/v2\/pages\/12\/revisions\/349"}],"wp:featuredmedia":[{"embeddable":true,"href":"https:\/\/www.rr276.de\/index.php?rest_route=\/wp\/v2\/media\/139"}],"wp:attachment":[{"href":"https:\/\/www.rr276.de\/index.php?rest_route=%2Fwp%2Fv2%2Fmedia&parent=12"}],"curies":[{"name":"wp","href":"https:\/\/api.w.org\/{rel}","templated":true}]}}